{"id":4196,"date":"2025-04-09T17:52:21","date_gmt":"2025-04-09T15:52:21","guid":{"rendered":"https:\/\/hilaturasegea.com\/?post_type=product&#038;p=4196"},"modified":"2025-05-29T09:28:28","modified_gmt":"2025-05-29T07:28:28","slug":"algodon-cosida-anonima","status":"publish","type":"product","link":"https:\/\/hilaturasegea.com\/ca\/producte\/algodon-cosida-anonima\/","title":{"rendered":"Cot\u00f3 funda cosida an\u00f2nima"},"content":{"rendered":"<p class=\"MsoNormal\"><span style=\"font-size: 13.5pt; line-height: 115%; font-family: Verdana, 'sans-serif'; color: #000000; background: #FAFBFC;\">Tots els nostres articles estan identificats amb els seus propis codis (codi de l&#039;article, codi de barra i codi de fabricaci\u00f3), per poder garantir la m\u00e0xima qualitat i tra\u00e7abilitat de totes les nostres refer\u00e8ncies.<\/span><\/p>","protected":false},"excerpt":{"rendered":"<p><b><span style=\"text-decoration: underline;\"><span style=\"font-size: 13.5pt; font-family: Verdana, 'sans-serif'; color: #000000;\">Presentaci\u00f3:<\/span><\/span><\/b><\/p>\n<p class=\"MsoNormal\" style=\"line-height: normal;\"><span style=\"font-size: 13.5pt; font-family: Verdana, 'sans-serif'; color: #000000;\">Tallada a la mida sol\u00b7licitada i cosida<\/span><\/p>\n<p class=\"MsoNormal\" style=\"line-height: normal;\"><span style=\"font-size: 8.5pt; font-family: Verdana, 'sans-serif'; color: #000000;\">\u00a0<\/span><\/p>\n<p class=\"MsoNormal\" style=\"line-height: normal;\"><b><span style=\"text-decoration: underline;\"><span style=\"font-size: 13.5pt; font-family: Verdana, 'sans-serif'; color: #000000;\">Caracter\u00edstiques:<\/span><\/span><\/b><\/p>\n<p class=\"MsoNormal\" style=\"line-height: normal;\"><span style=\"font-size: 13.5pt; font-family: Verdana, 'sans-serif'; color: #000000;\">Fabricada amb Cot\u00f3 (fibres vegetals, ecol\u00f2giques i biodegradables)<\/span><\/p>\n<p class=\"MsoNormal\" style=\"line-height: normal;\"><span style=\"font-size: 13.5pt; font-family: Verdana, 'sans-serif'; color: #000000;\">Suau al tacte<\/span><\/p>\n<p class=\"MsoNormal\" style=\"line-height: normal;\"><span style=\"font-size: 13.5pt; font-family: Verdana, 'sans-serif'; color: #000000;\">M\u00e0xima resist\u00e8ncia<\/span><\/p>\n<p class=\"MsoNormal\" style=\"line-height: normal;\"><span style=\"font-size: 13.5pt; font-family: Verdana, 'sans-serif'; color: #000000;\">Teixit planxat<\/span><\/p>\n<p class=\"MsoNormal\" style=\"line-height: normal;\"><span style=\"font-size: 13.5pt; font-family: Verdana, 'sans-serif'; color: #000000;\">Sense arrugues<\/span><\/p>\n<p class=\"MsoNormal\" style=\"line-height: normal;\"><span style=\"font-size: 13.5pt; font-family: Verdana, 'sans-serif'; color: #000000;\">Sense fils penjant a la base del pernil<\/span><\/p>\n<p class=\"MsoNormal\" style=\"line-height: normal;\"><span style=\"font-size: 13.5pt; font-family: Verdana, 'sans-serif'; color: #000000;\">Se serveix posicionada una a sobre de l&#039;altra, en paquets de 200 unitats<\/span><\/p>\n<p class=\"MsoNormal\" style=\"line-height: normal;\"><span style=\"font-size: 13.5pt; font-family: Verdana, 'sans-serif'; color: #000000;\">\u00c0mplia gamma de colors<\/span><\/p>\n<p class=\"MsoNormal\" style=\"line-height: normal;\"><span style=\"font-size: 13.5pt; font-family: Verdana, 'sans-serif'; color: #000000;\">\u00a0<\/span><\/p>\n<p class=\"MsoNormal\" style=\"line-height: normal;\"><span style=\"font-size: 13.5pt; font-family: Verdana, 'sans-serif'; color: #000000;\">\u00a0<\/span><\/p>\n<p class=\"MsoNormal\" style=\"line-height: normal;\"><b><span style=\"font-size: 13.5pt; font-family: Verdana, 'sans-serif'; color: #000000;\">APTE PER ESTAR EN CONTACTE AMB PRODUCTES ALIMENTOSOS<\/span><\/b><\/p>","protected":false},"featured_media":4186,"template":"","meta":[],"product_brand":[],"product_cat":[1428,1387,1049,1263,979,969],"product_tag":[],"class_list":{"0":"post-4196","1":"product","2":"type-product","3":"status-publish","4":"has-post-thumbnail","6":"product_cat-algodon-cosida-anonima-fibras-naturales-jamon-y-cecinas","7":"product_cat-fibras-naturales-jamon-y-cecinas","8":"product_cat-fundas","9":"product_cat-jamon-y-cecinas","10":"product_cat-jamones-cecinas-y-vacunos","11":"product_cat-carnicas","13":"first","14":"instock","15":"sale","16":"taxable","17":"shipping-taxable","18":"purchasable","19":"product-type-simple"},"tiered_pricing_type":"fixed","tiered_pricing_fixed_rules":[],"tiered_pricing_product_settings":{"layout":"default","base_unit_name":{"singular":null,"plural":null},"default_variation":null},"tiered_pricing_minimum_quantity":null,"tiered_pricing_roles_data":[],"tiered_pricing_percentage_rules":[],"_links":{"self":[{"href":"https:\/\/hilaturasegea.com\/ca\/wp-json\/wp\/v2\/product\/4196","targetHints":{"allow":["GET"]}}],"collection":[{"href":"https:\/\/hilaturasegea.com\/ca\/wp-json\/wp\/v2\/product"}],"about":[{"href":"https:\/\/hilaturasegea.com\/ca\/wp-json\/wp\/v2\/types\/product"}],"wp:featuredmedia":[{"embeddable":true,"href":"https:\/\/hilaturasegea.com\/ca\/wp-json\/wp\/v2\/media\/4186"}],"wp:attachment":[{"href":"https:\/\/hilaturasegea.com\/ca\/wp-json\/wp\/v2\/media?parent=4196"}],"wp:term":[{"taxonomy":"product_brand","embeddable":true,"href":"https:\/\/hilaturasegea.com\/ca\/wp-json\/wp\/v2\/product_brand?post=4196"},{"taxonomy":"product_cat","embeddable":true,"href":"https:\/\/hilaturasegea.com\/ca\/wp-json\/wp\/v2\/product_cat?post=4196"},{"taxonomy":"product_tag","embeddable":true,"href":"https:\/\/hilaturasegea.com\/ca\/wp-json\/wp\/v2\/product_tag?post=4196"}],"curies":[{"name":"wp","href":"https:\/\/api.w.org\/{rel}","templated":true}]}}

Cotó funda cosida anònima

<p class="MsoNormal"><span style="font-size: 13.5pt; line-height: 115%; font-family: Verdana, 'sans-serif'; color: #000000; background: #FAFBFC;">Tots els nostres articles estan identificats amb els seus propis codis (codi de l&#039;article, codi de barra i codi de fabricació), per poder garantir la màxima qualitat i traçabilitat de totes les nostres referències.</span></p>

<p><b><span style="text-decoration: underline;"><span style="font-size: 13.5pt; font-family: Verdana, 'sans-serif'; color: #000000;">Presentació:</span></span></b></p>
<p class="MsoNormal" style="line-height: normal;"><span style="font-size: 13.5pt; font-family: Verdana, 'sans-serif'; color: #000000;">Tallada a la mida sol·licitada i cosida</span></p>
<p class="MsoNormal" style="line-height: normal;"><span style="font-size: 8.5pt; font-family: Verdana, 'sans-serif'; color: #000000;"> </span></p>
<p class="MsoNormal" style="line-height: normal;"><b><span style="text-decoration: underline;"><span style="font-size: 13.5pt; font-family: Verdana, 'sans-serif'; color: #000000;">Característiques:</span></span></b></p>
<p class="MsoNormal" style="line-height: normal;"><span style="font-size: 13.5pt; font-family: Verdana, 'sans-serif'; color: #000000;">Fabricada amb Cotó (fibres vegetals, ecològiques i biodegradables)</span></p>
<p class="MsoNormal" style="line-height: normal;"><span style="font-size: 13.5pt; font-family: Verdana, 'sans-serif'; color: #000000;">Suau al tacte</span></p>
<p class="MsoNormal" style="line-height: normal;"><span style="font-size: 13.5pt; font-family: Verdana, 'sans-serif'; color: #000000;">Màxima resistència</span></p>
<p class="MsoNormal" style="line-height: normal;"><span style="font-size: 13.5pt; font-family: Verdana, 'sans-serif'; color: #000000;">Teixit planxat</span></p>
<p class="MsoNormal" style="line-height: normal;"><span style="font-size: 13.5pt; font-family: Verdana, 'sans-serif'; color: #000000;">Sense arrugues</span></p>
<p class="MsoNormal" style="line-height: normal;"><span style="font-size: 13.5pt; font-family: Verdana, 'sans-serif'; color: #000000;">Sense fils penjant a la base del pernil</span></p>
<p class="MsoNormal" style="line-height: normal;"><span style="font-size: 13.5pt; font-family: Verdana, 'sans-serif'; color: #000000;">Se serveix posicionada una a sobre de l&#039;altra, en paquets de 200 unitats</span></p>
<p class="MsoNormal" style="line-height: normal;"><span style="font-size: 13.5pt; font-family: Verdana, 'sans-serif'; color: #000000;">Àmplia gamma de colors</span></p>
<p class="MsoNormal" style="line-height: normal;"><span style="font-size: 13.5pt; font-family: Verdana, 'sans-serif'; color: #000000;"> </span></p>
<p class="MsoNormal" style="line-height: normal;"><span style="font-size: 13.5pt; font-family: Verdana, 'sans-serif'; color: #000000;"> </span></p>
<p class="MsoNormal" style="line-height: normal;"><b><span style="font-size: 13.5pt; font-family: Verdana, 'sans-serif'; color: #000000;">APTE PER ESTAR EN CONTACTE AMB PRODUCTES ALIMENTOSOS</span></b></p>
